 is the value of -3 + 0 + 2 + -2?
-3
What is the value of -2 + -1 + 6 - (-1 + 9)?
-5
What is -4 + 7 - -2 - 8?
-3
Calculate -12 + (11 - 6 - -2).
-5
2 - (-33 + 42 - (1 + 0))
-6
Evaluate 6 + (-1 - 12 - -1).
-6
Evaluate 5 + -5 + 5 - 2.
3
What is -35 + 43 - (1 - -4)?
3
(-3 + 5 - (7 + -2)) + -2
-5
Calculate -8 + (0 + 7 - 3 - 3).
-7
Calculate 1 - -1 - (-1 + 1 - 3).
5
Calculate -2 - ((-8 - -3 - -2) + -1).
2
What is 7 + -15 + (-1 - -6)?
-3
Calculate (3 - 9 - -13 - 2) + -5.
0
-2 + 0 + (2 - 1) + -1
-2
Evaluate -2 + 0 - (-58 + 50).
6
What is the value of -4 + 14 - 4 - 2?
4
What is -2 - 0 - (-1 + (6 - 6))?
-1
Evaluate (-1 - -1) + (1 - (-3 + 1)).
3
3 + 1 + 4 - 4
4
(-1 - -2 - -3 - 0) + 0
4
(7 + -5 - 6) + 3
-1
Evaluate 11 + (4 - -2 - 13).
4
Calculate 10 - 5 - (6 + (-3 - -2)).
0
What is the value of 4 + -5 + (6 - (5 + -6))?
6
What is the value of -26 - (-15 - -4) - -5?
-10
Calculate 1 - 5 - (3 + -3 + 0).
-4
What is the value of -4 + 7 + (-1 - 1) - 3?
-2
Calculate -5 + (-5 - (-6 - -2)) + -1.
-7
What is the value of -2 - (-3 - 1 - -6) - -7?
3
What is the value of 0 + -1 + (15 - (11 - -12))?
-9
What is the value of 3 + -3 + 1 + 28 + -30?
-1
What is the value of 6 + -11 + 6 - -4?
5
Evaluate 6 + (-11 + 5 - 4).
-4
What is the value of -4 + (7 - 1) + (-8 - -4)?
-2
Evaluate 11 - ((-7 + 2 - -7) + 1).
8
Evaluate 6 + 0 + (3 - 8).
1
10 + 1 - 1 - (-330 - -334)
6
What is -3 + 10 + -9 + -4 + -1?
-7
Calculate 6 + (4 - 6) + 1.
5
What is the value of 2 + 0 + 18 + -24?
-4
What is the value of 4 + (4 - (-2 - (4 + -18)))?
-4
Calculate (19 - 21) + (2 - (6 + -2)).
-4
Evaluate -1 + (-2 - (3 + -8)).
2
0 - (4 + -8 - 2) - -2
8
Calculate 0 - (-6 - (0 + -2)).
4
What is 3 + (-5 - -2) + -3?
-3
What is the value of -4 + -6 + 10 - (-3 - -2)?
1
1 - (-4 - (-3 + -3))
-1
Calculate 3 + (6 - 9) + -3 + 0.
-3
Evaluate 2 - -3 - (-3 - -5).
3
1 - (0 + -1 + 4)
-2
4 + -1 + (0 - (-4 - -3))
4
What is (3 - -6) + 6 + -10?
5
Evaluate -5 - (-9 + (6 - 5)).
3
What is -6 - (3 + -3) - -1?
-5
Calculate -32 + 36 - (1 + -1 + -1).
5
What is -2 - ((2 - 2 - 1) + 3)?
-4
Evaluate -8 + 15 + -1 + -9.
-3
Evaluate -4 + -6 + -13 + 26.
3
Evaluate (10 - 7) + 0 + -3.
0
What is -1 - (-5 - (-2 + -7 + 10))?
5
What is the value of -4 - (6 - 5) - -4?
-1
Calculate (2 - (-1 + 0)) + 1 + -1.
3
Evaluate -10 - (0 + (-7 - (-2 - -1))).
-4
What is 2 - (0 + (5 - 5))?
2
Evaluate -2 + -4 - (1 + 4 + -6).
-5
Evaluate -2 + -3 + 8 + -3.
0
-2 + 3 + (-17 - -12)
-4
What is 0 - -8 - (-6 - -6) - 3?
5
Evaluate (5 + 1 - 1) + -1.
4
-2 + 2 - (12 + -10 - 8)
6
Evaluate 7 + -17 + 11 - (-1 - -6).
-4
Calculate 17 - (-2 - -7) - 7.
5
What is 0 + 5 - (4 - -4)?
-3
Calculate 11 - (-6 + 8) - (5 + -5).
9
What is 7 + 0 - 3 - 3?
1
Evaluate 1 + -1 - (4 + -8).
4
(4 - 1) + (-16 - -5)
-8
Evaluate -9 + 4 + (2 - -1).
-2
What is 1 - ((1 - 1) + (10 - 14))?
5
What is the value of 7 + (-8 + 2 - 1)?
0
(-3 - -5 - 3) + 4
3
What is the value of (5 - (-2 - -5) - -4) + -6?
0
What is the value of -7 + 4 - -17 - 6?
8
-2 + (1 - -3) - 3
-1
1 - (4 + (4 + -4 - -1))
-4
What is 8 + -4 - 21 - -11?
-6
7 + (5 - (1 - -2))
9
What is the value of -1 + 2 + (12 - 15)?
-2
What is 14 - 6 - -2 - 4?
6
-2 + -1 + (-4 - (-17 - -5))
5
What is -3 - (-1 + 5 + 6 + -3)?
-10
What is 1 + (3 - 2) - (17 - 16)?
1
(0 - -7 - (4 - 1)) + -4
0
What is the value of 2 - 12 - 3 - -24?
11
What is the value of 7 + (-9 - -6) - 8 - -5?
1
What is -2 - (-3 - 2) - (3 + 4)?
-4
What is 1 - (3 + 3 + -2 + -10)?
7
1 - -4 - 1 - (17 - 23)
10
-11 + (23 - (14 + -3))
1
0 + 7 + (3 - (24 - 21))
7
Evaluate -1 + 0 + 1 + (15 - 14).
1
Evaluate -30 - -33 - (1 - (2 - -2)).
6
What is -5 - 0 - (-39 + 42) - -6?
-2
Evaluate -2 - (-2 + -1 - -3) - -2.
0
What is the value of 12 + (-10 - (-7 - -2))?
7
What is the value of (-3 + 0 - (-4 - 3)) + 1?
5
What is the value of -1 + -2 + 0 + 8 + -5?
0
Calculate 4 + -13 + 9 - (0 - 1).
1
What is the value of -8 + 12 + (-11 - -8)?
1
What is the value of 7 + -7 + 1 + -3?
-2
What is 2 - 6 - (6 + -12) - 1?
1
Calculate (1 - -7) + -13 + (0 - -14).
9
-8 - (3 + -4) - -11
4
(-1 - -6) + -4 + -5
-4
Calculate -12 - (-14 - -27 - 18).
-7
Evaluate -1 + (17 - 8) - (5 - 4).
7
0 + 1 + 0 + (-5 - -2)
-2
(7 - 6 - (-5 + 2)) + 0
4
What is the value of (5 + -6 - -3) + 1 + -7?
-4
-98 - -101 - (1 + -1 - -3)
0
What is the value of (-4 - -2) + 1 - 4?
-5
-12 + 7 + -11 - -12
-4
What is (-2 - 0) + 5 - 3?
0
Evaluate (5 - 6) + 1 + 1.
1
Calculate -6 + (0 + 7 - 4) - 2.
-5
Evaluate (5 - 9) + 0 + 1.
-3
7 + (9 - 15) + 4
5
Calculate -6 + 16 + -4 - 2.
4
What is the value of (-3 - -9) + -1 + -2 + -6?
-3
What is the value of (-2 - -1) + (115 - 116)?
-2
Calculate -6 + 4 - (-8 + 5).
1
What is 6 + -3 - (-1 - -7)?
-3
Evaluate 0 + 9 - (-25 + 35).
-1
Evaluate 1 + (0 - 6) + (22 - 22).
-5
What is the value of -4 + (4 + -8 - (-3 - 12))?
7
What is the value of 0 - -1 - ((4 - 6) + -3)?
6
What is the value of 3 + -9 + 9 + (-4 - -8)?
7
What is 3 - 1 - (-2 - 0 - 1)?
5
What is the value of 3 - (1 + 11) - -10?
1
(-4 - 2) + 2 + -3
-7
Calculate 2 - 4 - (3 - 9).
4
What is the value of 1 - (-3 + -5 - -6)?
3
Evaluate 3 - (12 - (1 - -6) - -3).
-5
Evaluate 52 + -53 + 0 + -3.
-4
What is the value of 0 + -10 - -3 - (10 - 13)?
-4
What is the value of 2 + (5 - (2 - -3))?
2
Calculate 5 - (-3 - -3 - -9).
-4
What is 4 - 0 - (21 + -21) - 3?
1
Calculate -3 + (-1 - -1) + 0.
-3
What is -2 + 2 + 1 + (-3 - -2)?
0
Calculate 2 - ((-5 - -7) + 0 + 2).
-2
Evaluate (5 + -10 - -3) + 1.
-1
Evaluate -14 + (-12 - (-22 + 0)).
-4
Evaluate 0 + -8 + 4 + 13.
9
-5 - (-6 + -6 + -5 + 11)
1
0 - (0 + (0 - 1) + 0)
1
Evaluate 1 + -3 + -4 - (2 + -1).
-7
What is the value of (20 - (15 - 7)) + -5?
7
What is the value of (-2 + 9 - 4) + 2?
5
Evaluate (7 - 1) + -10 + 5.
1
What is (-6 - -6) + (9 - 7)?
2
What is the value of 7 + (9 - (14 + 3))?
-1
What is 4 + -7 + (2 - -2)?
1
What is -9 - ((-9 - -16) + -10)?
-6
Calculate 0 - ((-4 - (-4 - 2)) + 2).
-4
Evaluate -2 - (6 + -6 - -4).
-6
Evaluate -6 + (-16 - -17) - (-1 - -3).
-7
What is the value of -5 - (7 - (-1 - -7))?
-6
14 - (4 + -9) - 15
4
Evaluate 3 + (-4 + 1 - (5 - 7)).
2
Evaluate -3 + 3 + 3 + -11 - -3.
-5
What is the value of -1 + (-3 - (-9 + -2 + 3))?
4
(8 + -8 - -7 - 6) + -3
-2
What is the value of (-1 - 0) + 1 + (-27 - -30)?
3
-4 + -18 + 12 - -11
1
Evaluate (-8 - -4) + 3 - (-4 - -1).
2
What is the value of -7 - (7 + -10 - 0 - -2)?
-6
What is -3 + (3 - 8) - -4?
-4
What is the value of 3 + (-5 - (-1 - -2))?
-3
Calculate 1 - (-3 + (-2 - -3) + 2).
1
Calculate (3 + -12 - (21 + -22)) + 0.
-8
4 - (3 - -8) - -1
-6
0 + 5 + -1 + -18 + 17
3
Evaluate 8 + (-6 - -14 - 10).
6
(-3 - (2 - 0) - -1) + 4
0
3 - (11 - 0 - (11 - 7))
-4
What is 4 - (-6 - -2 - -1) - 14?
-7
What is the value of 0 + (-1 + -5 - -2)?
-4
Evaluate 10 + -1 + -4 + 1.
6
What is 0 - (-10 + 11 + 0)?
-1
-3 + 6 - (0 + -1)
4
What is (2 - (3 + -3 - 6)) + -6?
2
What is 1 + -2 + 1 + 3 + 1?
4
3 + -2 + -4 + (-4 - -6)
-1
-5 - (-3 - (5 - 6))
-3
Calculate 6 - 2 - (4 + -1).
1
Calculate (8 - 8) + (1 - 2).
-1
What is the value of -1 + -2 + 5 + -3?
-1
(2 - -1 - 1) + 3
5
Calculate 19 - 23 - (-9 - -2).
3
Calculate 1 + -4 + (9 - 5) + 6.
7
Evaluate -5 + (5 + -1 - 2).
-3
Evaluate 16 + -16 + 9 - (10 - 2).
1
What is 3 - 4 - 1 - 2?
-4
Calculate (-1 - -1 - 8) + 6.
-2
What is 0 + (-4 - (-5 - 0))?
1
Calculate -12 + -7 + 16 - (0 - -1).
-4
What is the value of 2 + (8 - -3) + -20?
-7
Calculate -9 + 2 + -4 + 14.
3
What is the value of (-5 - (5 - 10)) + -4 + 3?
-1
What is the value of -12 + (16 - 10) - -12?
6
Calculate -15 + 10 - (-1 + 1).
-5
What is the value of 4 + -6 + 4 - -1?
3
What is -26 + 16 - (-10 + -7)?
7
(0 - (-1 - -2)) + 2
1
(2 - 3) + 2 + 2
3
-4 + (1 - 4 - -7)
0
-1 + 0 - (-1 - -8)
-8
Calculate -1 + 1 + (-3 - 0) + 1.
-2
What is the value of -5 + -4 + (3 - -1)?
-5
What is the value of (11 - (8 - -5)) + 3 + -2?
-1
Evaluate (8 - (5 - 2) - 9) + 3.
-1
Calculate -3 - (1 - 5 - -6 - 5).
0
Evaluate -1 + 0 - (-6 - (-3 + 1)).
3
What is (-6 - 0) + 1 + 11?
6
Evaluate 3 - -8 - 2 - 8.
1
What is the value of -7 - (3 - 1 - 2)?
-7
Calculate (2 - -2) + (9 + -12 - -5).
6
Calculate -2 - (-2 - (-4 - -2 - 0)).
-2
What is 2 + -10 - (1 - (10 - 5))?
-4
Calculate 2 - (-4 - (0 - -5 - 12)).
-1
Calculate (-8 - -9 - -18) + -10.
9
What is -16 - (-2 - 10 - -5)?
-9
What is 6 + 0 - (0 - (-4 + 0))?
2
What is the value of -52 + 48 + 0 + 1?
-3
7 + (-1 - -2 - 5)
3
(4 - (3 - 1 - -